2a6
-1613 (base 7) to base 11
-539
5652 (base 9) to base 7
15116
What is 1365 (base 8) in base 13?
463
Convert -1100001010100 (base 2) to base 11.
-4752
What is 13531 (base 6) in base 12?
12a7
b2b (base 15) to base 8
4724
-a5 (base 14) to base 10
-145
What is -450 (base 7) in base 6?
-1023
-513a (base 16) to base 6
-240134
-a0d (base 14) to base 8
-3665
Convert 1 (base 4) to base 10.
1
Convert 12220211 (base 4) to base 15.
80b8
What is -11c3 (base 14) in base 7?
-12033
What is 334 (base 6) in base 4?
2002
632 (base 14) to base 7
3362
-1147 (base 14) to base 16
-bbb
Convert -11100 (base 3) to base 13.
-90
What is -52122 (base 7) in base 11?
-9647
-10242 (base 5) to base 13
-418
What is 12440 (base 7) in base 14?
12c7
Convert -4eeb (base 15) to base 13.
-78aa
Convert -1672 (base 12) to base 7.
-10544
117b (base 16) to base 14
18b9
Convert 4221 (base 7) to base 14.
781
Convert 140d (base 15) to base 16.
10c0
-4116 (base 14) to base 11
-8455
What is 9469 (base 11) in base 8?
30372
What is 111000111010000 (base 2) in base 5?
1413021
What is 623 (base 11) in base 16?
2ef
Convert 13120 (base 4) to base 8.
730
What is 602 (base 13) in base 3?
1101122
8d (base 15) to base 11
111
What is b08c (base 15) in base 3?
1220002220
Convert 1120210 (base 3) to base 16.
483
What is 1837 (base 11) in base 5?
33324
Convert 174 (base 11) to base 12.
14a
Convert -26886 (base 9) to base 10.
-18222
-1043 (base 5) to base 11
-125
100010 (base 3) to base 16
f6
-220 (base 5) to base 4
-330
-10530 (base 7) to base 16
-a6b
-1211000 (base 3) to base 4
-110223
-462 (base 8) to base 16
-132
Convert 1e2 (base 16) to base 2.
111100010
Convert -22103 (base 4) to base 15.
-2de
Convert -11010 (base 2) to base 3.
-222
Convert -1152 (base 11) to base 9.
-2056
What is 202332 (base 4) in base 9?
3056
Convert 102474 (base 8) to base 12.
178a4
2263d (base 14) to base 4
110121133
Convert 121112110 (base 3) to base 11.
9069
What is -14589 (base 11) in base 7?
-114153
Convert -4059 (base 11) to base 4.
-1110030
Convert 414523 (base 7) to base 13.
2658a
-397 (base 14) to base 6
-3201
What is 481 (base 9) in base 10?
397
Convert 1110010010101100 (base 2) to base 12.
29a64
-10212 (base 3) to base 11
-95
What is 30320103 (base 4) in base 8?
147023
Convert -5477 (base 13) to base 4.
-2313233
Convert 11121330 (base 4) to base 7.
121356
e21 (base 15) to base 10
3181
What is 102100 (base 3) in base 16?
132
What is 3134 (base 11) in base 16?
1037
521 (base 10) to base 2
1000001001
Convert 55202 (base 6) to base 11.
5810
-14321 (base 7) to base 5
-111220
Convert -24319 (base 10) to base 6.
-304331
Convert 4b7b (base 13) to base 6.
121433
-b8 (base 15) to base 14
-c5
11a9 (base 12) to base 11
155a
What is 122003 (base 4) in base 16?
683
What is -11100101 (base 2) in base 9?
-274
Convert 12460 (base 8) to base 16.
1530
What is 1015 (base 10) in base 4?
33313
615 (base 16) to base 13
92a
e75 (base 15) to base 6
23032
Convert 909 (base 11) to base 16.
44a
-1393 (base 12) to base 15
-a16
What is 1303332 (base 4) in base 13?
34bc
What is -728 (base 11) in base 2?
-1101101101
-994 (base 13) to base 15
-747
What is 37b5 (base 15) in base 9?
17248
22 (base 11) to base 2
11000
-32 (base 8) to base 13
-20
Convert -441243 (base 5) to base 6.
-154210
What is 427 (base 11) in base 2?
1000000001
What is -1221020 (base 4) in base 11?
-5067
Convert b408 (base 13) to base 8.
60423
What is -100010101010 (base 2) in base 13?
-1018
What is 13b6 (base 15) in base 12?
2539
What is 1f4 (base 16) in base 7?
1313
Convert 11100010011 (base 2) to base 6.
12215
What is 543 (base 10) in base 13?
32a
Convert -9dc (base 14) to base 9.
-2615
Convert 26bd (base 14) to base 16.
1aaf
Convert 1346 (base 8) to base 2.
1011100110
Convert -212222 (base 3) to base 5.
-10042
Convert -10127 (base 8) to base 12.
-2507
a9 (base 12) to base 2
10000001
Convert 3115 (base 11) to base 3.
12122222
Convert 11202 (base 4) to base 12.
256
Convert -156106 (base 7) to base 6.
-355101
16c (base 15) to base 14
195
Convert 1992 (base 13) to base 5.
110322
Convert -c1ad (base 14) to base 15.
-9cd7
Convert 35093 (base 11) to base 9.
76461
Convert 109a8 (base 11) to base 3.
210201222
Convert -20024 (base 5) to base 15.
-594
What is -151545 (base 7) in base 8?
-71371
Convert -1543 (base 8) to base 6.
-4003
What is -11322 (base 5) in base 13?
-4c5
Convert -39429 (base 11) to base 3.
-2212101112
What is 5a2 (base 11) in base 7?
2043
37 (base 11) to base 10
40
1344 (base 7) to base 10
522
3782 (base 10) to base 7
14012
What is 24106 (base 9) in base 4?
3323331
What is -1230 (base 9) in base 16?
-396
What is a (base 16) in base 14?
a
What is 31112 (base 4) in base 2?
1101010110
What is 880 (base 10) in base 9?
1177
Convert -32022 (base 4) to base 6.
-4110
What is 20180 (base 11) in base 7?
151660
What is -73c9 (base 15) in base 9?
-36530
What is -52461 (base 7) in base 13?
-5b68
Convert -13b1b (base 14) to base 10.
-48829
What is -316 (base 7) in base 13?
-c4
Convert 26195 (base 11) to base 16.
9275
Convert 3152 (base 11) to base 8.
10113
Convert -1443a (base 13) to base 7.
-216001
What is 121212 (base 3) in base 9?
555
-246 (base 12) to base 10
-342
Convert -212112 (base 4) to base 2.
-100110010110
What is 34251 (base 9) in base 2?
101100100010111
What is 2011000 (base 5) in base 3?
1121220012
What is -1151 (base 6) in base 13?
-18a
What is 1000111222 (base 3) in base 13?
9191
-200121 (base 4) to base 11
-1615
Convert 1324432 (base 5) to base 13.
c2c9
What is -6fc (base 16) in base 13?
-a77
Convert -150a (base 12) to base 11.
-1935
Convert afc (base 16) to base 5.
42222
What is 12020211 (base 3) in base 15?
1204
1a6a (base 15) to base 2
1011001011101
Convert 747 (base 12) to base 11.
887
Convert -3131212 (base 4) to base 5.
-423212
11b8 (base 13) to base 11
1989
263 (base 7) to base 5
1033
Convert -c933 (base 13) to base 14.
-a26b
Convert -20122 (base 5) to base 14.
-67d
14c09 (base 13) to base 3
2000000202
What is 11012010 (base 3) in base 4?
233232
Convert -24 (base 5) to base 2.
-1110
-15204 (base 9) to base 6
-120004
What is 1a9 (base 13) in base 16?
134
Convert 339 (base 14) to base 15.
2c9
-10010010011 (base 2) to base 12
-817
Convert -a662 (base 11) to base 6.
-145144
What is 310 (base 14) in base 11?
4a8
Convert -4011 (base 5) to base 6.
-2202
353 (base 8) to base 2
11101011
34530 (base 7) to base 9
13113
Convert -134b (base 15) to base 4.
-1000121
Convert -8231 (base 12) to base 11.
-a6a3
Convert -353015 (base 6) to base 8.
-73403
What is 53667 (base 8) in base 3?
1010210200
-a034 (base 12) to base 2
-100001110101000
What is -3ba1 (base 12) in base 11?
-51a3
1322220 (base 4) to base 3
101202200
-1000101011000000 (base 2) to base 9
-53646
Convert -5c9 (base 13) to base 2.
-1111110010
-1992 (base 10) to base 9
-2653
Convert 101010111 (base 2) to base 6.
1331
Convert -7cc1 (base 14) to base 8.
-52341
-1000111100101001 (base 2) to base 11
-25598
What is 1730 (base 12) in base 14?
1020
4321 (base 6) to base 10
985
715 (base 12) to base 15
485
What is -b9a (base 12) in base 13?
-a0c
What is 256 (base 14) in base 11?
396
What is -2234 (base 5) in base 7?
-634
Convert 111000001 (base 2) to base 4.
13001
What is -21331 (base 4) in base 3?
-212121
25a91 (base 11) to base 16
917f
What is -11011100 (base 2) in base 9?
-264
What is 75074 (base 8) in base 9?
46828
1501505 (base 6) to base 11
59625
Convert -101101110011111 (base 2) to base 12.
-116a7
42825 (base 10) to base 8
123511
89f (base 16) to base 10
2207
-a25 (base 12) to base 5
-21334
Convert 6a58 (base 11) to base 6.
110511
What is 14a14 (base 13) in base 14?
1033a
Convert -1131320 (base 4) to base 10.
-6008
-9909 (base 11) to base 6
-140313
484 (base 13) to base 9
1061
What is 377 (base 12) in base 5?
4043
Convert 4c68 (base 14) to base 4.
3101230
26630 (base 8) to base 16
2d98
What is -12da (base 16) in base 15?
-166b
480 (base 9) to base 14
204
Convert 3a6 (base 13) to base 14.
33d
Convert -115425 (base 6) to base 14.
-3a89
What is 9434 (base 12) in base 13?
7489
What is -16770 (base 8) in base 10?
-7672
What is -13771 (base 10) in base 9?
-20801
Convert -10011101 (base 2) to base 14.
-b3
What is b0a0 (base 16) in base 7?
245553
-5257 (base 8) to base 13
-1325
-31330223 (base 4) to base 14
-16b6b
What 